 4649 + b. Is u composite?
True
Let k(q) = -45*q - 34. Let j(h) = -7*h - 10. Let t(f) = -f. Let y(r) = j(r) - 6*t(r). Let p be y(5). Is k(p) a composite number?
False
Suppose 3821 = 5*j - 1779. Suppose z - 228 = 2*b - b, 5*z = b + j. Is z prime?
True
Let f(b) = 8*b**2 - 4*b + 2. Let w = 45 + -43. Is f(w) prime?
False
Let n(j) = 3127*j + 16. Is n(1) prime?
False
Is (-20)/(-8)*(-25836)/(-30) a composite number?
False
Let h be 6/14 + 507312/112. Suppose 3*m + c - h = 0, -4*m + 2*c - 5*c = -6035. Is m a composite number?
False
Suppose 3*j + 5*x - 6624 = 0, 3*x = 4 + 5. Is j a composite number?
False
Suppose -4*v + 23 = q, -2*q + 35 = 3*q + 4*v. Is -515*((q - 0) + -4) composite?
True
Suppose 53*a - 16037 = 46*a. Is a a prime number?
False
Is 1*(8 + -3) + 85536/9 prime?
False
Let j = -153 + 1064. Is j a composite number?
False
Let u be ((-4)/6)/(11/(-66)). Suppose 0*g - 3643 = -u*g + 5*h, -3*g + 3*h = -2736. Is g prime?
False
Let m(z) = -2105*z + 88. Let u be m(-12). Suppose 4*q - 8*q = -u. Is q prime?
True
Let q(j) = -772*j + 129. Is q(-5) a prime number?
True
Suppose 0 = -5*v + 10, 17 = -4*u + 5*v + 7. Is 82 + (-2 - u) + -1 prime?
True
Let g(f) = f**3 + 11*f**2 + 13*f + 13. Let z be g(-8). Suppose -v + z = -4*i, -2*i = 2*v - 6*i - 190. Is v a composite number?
False
Suppose 2*f + 80 = -8*f. Is (-9783)/(-12) - (-2)/f prime?
False
Let o(d) = -d**2 - 9*d + 13. Let f be o(2). Is f/(54/(-12876)) + (0 - -1) composite?
True
Let w(a) = 21258*a**2 - 15*a + 16. Is w(1) a prime number?
False
Is (-65719)/(-4) + (-15)/20 a prime number?
False
Suppose 0*o + o - 27 = 3*s, 3*o = -2*s + 37. Let h = o - 21. Let r(m) = -m**3 - 7*m**2 - 7*m + 8. Is r(h) a prime number?
False
Suppose -2157*c = -2159*c + 78178. Is c composite?
False
Let f = 180 - -397. Suppose 0 = 5*p - p + 1416. Let j = p + f. Is j a prime number?
True
Suppose 5*l - 4585 = -3*t, -19*t - 3066 = -21*t - l. Is t composite?
True
Suppose 0 = 3*w + 5*a + 1141 + 112, -5*w = -4*a + 2076. Let z = 992 + w. Suppose 4*b + p = z, b - 152 = -4*p - 23. Is b prime?
False
Let j = 4961 + -2224. Let i be (j/(-2))/7*-6. Let v = -800 + i. Is v a composite number?
False
Suppose -14 = 2*c - 5*b + b, -22 = -4*c - 2*b. Suppose 0 = -c*o + 834 + 1887. Is o a composite number?
False
Let i(q) = 54*q + 80. Let x be i(7). Let w = x - 63. Is w a composite number?
True
Let c be ((-3)/4)/(2/(-1016)). Suppose 3*v - 4*l = -8*l - 6, 2 = -v + 3*l. Is (v/(-6)*c)/1 a composite number?
False
Let h = 11 - 11. Suppose 4*f - 5*z + 0*z - 4171 = 0, -f + 4*z + 1029 = h. Is f prime?
True
Suppose -30 - 29 = -n. Let z = -59 - n. Let f = z - -319. Is f a prime number?
False
Let w = -4 + 2. Let n be (8/12)/(w/(-9)). Suppose 935 = 2*b - z, -n*b + 0*z = 5*z - 1396. Is b a composite number?
False
Let q = -24 + 20. Is (-1989)/q + (-5)/20 a composite number?
True
Suppose -3*s + 2*p - 138 = 0, -60 + 14 = s + 2*p. Let q = 38 - s. Suppose q - 362 = -c. Is c a composite number?
True
Suppose 5*a + p = 10, -27 = -4*a - 5*p + 2. Suppose 3*q + 2 = 5*l - 5, a = -3*q + 2*l. Is 54 + (q + 6 - 3) a prime number?
False
Suppose -v = c - 14965, 3*c + 130*v - 44911 = 131*v. Is c prime?
True
Suppose 2*i + 2*i = 4*x - 40, 0 = -2*x - 2*i. Suppose 0 = 4*u - 4*v - v - 417, x*u + 2*v - 480 = 0. Let f = -55 + u. Is f a composite number?
False
Let w(b) = 21*b + 1457. Is w(0) a prime number?
False
Let d be (-4)/6 + (-8)/(-3). Suppose 3*n + 10 = -d*k - 5, -2*n = -k + 10. Suppose -2*f = 5*h - 62, k = -f - 5*h - 0*h + 31. Is f composite?
False
Suppose 5*k - 24*k + 59071 = 0. Is k a composite number?
False
Suppose -5*y + 18*x + 213095 = 23*x, -4*y + x + 170496 = 0. Is y composite?
True
Let j(m) = 55*m**2 - 53*m - 31. Is j(15) composite?
False
Let p be (-3)/(-1) + 0 - -2. Suppose -p*r + 523 = -652. Is r composite?
True
Let u be (-3110)/(-20)*2/(-1). Let d be 2/(-5) - 26/10. Is 4/3*d - u a composite number?
False
Let d = 138 + 0. Suppose -1913 - d = -7*b. Is b a composite number?
False
Let y(u) = u**3 + 17*u**2 - 17*u + 23. Let h be y(-18). Let q(v) = 62*v - 3. Is q(h) prime?
True
Let a(l) = l**3 - 11*l**2 - l + 15. Let q be (-165)/10*(-4)/6. Let g be a(q). Suppose -g*n + 1494 = 2*f, -1504 = f - 3*f + n. Is f a prime number?
True
Suppose 50*f - 1660 = 46*f. Is f composite?
True
Suppose -5*h + 31 = 11. Suppose 2*r - 18 = -2*j - 3*r, -h*r + 4 = -j. Suppose 2*g - 1032 = -j*q, 0 = 2*q - 5*q + 5*g + 787. Is q composite?
True
Let g be (-54)/(-4) - (-3)/(-6). Suppose 5*y - 150 = 2*y. Suppose d - y = -g. Is d a prime number?
True
Let j(x) = 2*x + 15. Let y be j(-8). Let u be (-2 + 4)/y + 4. Suppose 5*a + 3*g - 146 = 0, 0 = u*a - 4*g - 28 - 46. Is a prime?
True
Suppose 2*f = 2352 + 4132. Let j(r) = 377*r - 4. Let b be j(5). Let u = f - b. Is u composite?
False
Suppose 95*u - 90*u = -25. Is -2 + (-12)/u + (-51345)/(-75) composite?
True
Is 4/14 + 472/14 prime?
False
Let l(w) = -w + 8. Let v be l(7). Is (v + 3/(-2))*-118 a prime number?
True
Is (-55576)/24*-2*(-9)/(-6) a prime number?
True
Suppose n + 9 = 4*u, 6*n = -5*u + n + 5. Suppose 3*s - 20 = -2*s, -u*g + 18 = 3*s. Is -1*g/(3/(-233)) a composite number?
False
Suppose -6 = 4*z - 2*b, 2*z - 4*b + 15 - 3 = 0. Suppose -24 = -3*d - 2*d + 2*s, z = -d - s + 2. Suppose -3*a + 6*x - 3*x + 78 = 0, 84 = d*a + x. Is a prime?
False
Let r(o) = o + 8. Let z be r(-3). Suppose 5*w + z*t = 1840, 0*t = 2*w - 2*t - 748. Is w composite?
True
Suppose 6*i - 3*i - 4*m + 6 = 0, 3*m = 3*i + 3. Suppose i*p - p - 4 = o, o - 4*p = -16. Suppose -v + o*z = 4*z - 275, 2*v - 5*z = 511. Is v prime?
True
Let w(q) = 12*q - 157. Is w(33) a prime number?
True
Let w(t) = -t**2 - 9*t - 8. Suppose 2*v - 17 = n - 8, -4*v + 4 = 0. Let z be w(n). Suppose 418 + 128 = z*f. Is f composite?
True
Suppose 7 = d - 3*w - 4, 12 = 3*d - 2*w. Let a be 1490 + -1 - (d - -1). Suppose -z - 227 = -a. Is z a prime number?
True
Let p be (-9702)/(-5 - -3) + 2. Suppose 4*g - 51 = p. Is g composite?
True
Let x = -5299 - -13949. Suppose -x = -12*z + 2*z. Is z a composite number?
True
Suppose -6*a = -4*a + 2*z - 1466, 5*z = a - 757. Is a composite?
True
Suppose -1817 = 2*r + 3*x, 5*r - x = r - 3613. Let p = r - -1391. Is p a prime number?
True
Suppose -2*j + 546 + 76 = -5*h, -h - 126 = -2*j. Suppose p + 537 = 4*p. Let y = h + p. Is y a composite number?
True
Suppose 22*i = 24*i - 8. Suppose 4*w - 366 = j, -2*j = -0 + i. Is w a composite number?
True
Suppose 4*i - 6 = 3*i. Let b be 4*(-2 - (-15)/i). Suppose -b*q = -347 - 579. Is q a composite number?
False
Let z(l) = -107*l - 14. Let c be z(-4). Let y = -293 + c. Is y a prime number?
False
Let d = -40 + 28. Let o(x) = x**3 + 13*x**2 + 13*x + 14. Let z be o(d). Suppose 0 = -z*t - 2*t + 76. Is t composite?
False
Let i be (-3)/3*(5 + -4 + 3). Is 3022/(-4)*(-6 - i) prime?
True
Let o = -32 - -71. Let l be (2121/(-9))/7*-3. Let c = l - o. Is c composite?
True
Let q be (-121)/(-2)*(7 - 5). Suppose -3*l + 75 = -3*y - 0*y, -5*l = -3*y - q. Suppose 2*s = 377 - l. Is s a composite number?
True
Is 389948/104 + 1/(-2) prime?
False
Suppose 3*n - 3*q = -0*n + 51522, 5*n - 85900 = -q. Is n a composite number?
True
Let z(l) = 14*l**2 + 20*l + 74. Let u(y) = -5*y**2 - 7*y - 25. Let w(k) = -17*u(k) - 6*z(k). Is w(9) composite?
False
Let u(t) = 11*t**2 + 9*t - 3. Let s be u(10). Let y = s + -600. Is y a prime number?
True
Suppose 0 = 4*f - 3*f - 3. Suppose -3 + 9 = 2*n, 4*g - f*n = -25. Is 2972/20 - g/10 a prime number?
True
Let y(m) = 4*m**2 - 7*m + 6. Let u be 14*(-65)/(-26)*1/(-5). Is y(u) prime?
True
Suppose 5*r - 44 = 26. Suppose -10*m = -r*m + 20. Suppose 0 = -b, 0 = -5*y + m*b - 4*b + 30. Is y a prime number?
False
Suppose -i + 3 = 0, 2*t - i - 1 = -0*t. Suppose 0 = -t*d + 4*m + 1298, -3*d + 4*m - 495 = -2434. Is d prime?
True
Let j(z) = z**2 - 2*z + 2. Let f be j(0). Is ((-701)/f)/((-3)/6) composite?
False
Is ((-77061)/(-9))/((-2)/(-6)) a composite number?
True
Let u(r) = r**2 + 5*r - 3. Let v be u(-5). Let x be (v - -6) + -1*3. Suppose m + 4*m - 95 = x. Is m a prime number?
True
Let j = -84 - -88. Suppose -j*q + q + 5*y + 1818 = 0, 3058 = 5*q + y. Is q prime?
False
Let u(f) = 4*f**2 - 2*f - 4. Let l be u(-2). Let m(r) be the second derivative of r**4/3 - 7*r**3/3 - 13*r**2/2 + 7*r. Is m(l) composite?
False
Suppose -2*a + 3*a = 5*v - 43, a + 11 = v. Let n(l) = 3*l + 3